45 a factor of 14787?
False
Is 65 a factor of 16355094?
False
Is 17 a factor of 5511983?
False
Is 19488 a multiple of 3?
True
Is 12 a factor of 33192?
True
Is 15 a factor of 45030?
True
Is 331 a factor of 1385235?
True
Does 357 divide 1143536?
False
Does 15 divide 562382?
False
Does 457 divide 438608?
False
Is 28 a factor of 12440?
False
Is 563321 a multiple of 9?
False
Is 104 a factor of 5882439?
False
Is 2167 a factor of 15866774?
True
Is 64 a factor of 47552?
True
Does 159 divide 40863?
True
Does 77 divide 676626?
False
Is 9 a factor of 326798?
False
Is 117964 a multiple of 14?
True
Is 401472 a multiple of 816?
True
Does 16 divide 924592?
True
Is 2004537 a multiple of 14?
False
Does 407 divide 542531?
True
Is 57 a factor of 15018303?
True
Does 14 divide 540106?
True
Is 6265074 a multiple of 257?
False
Is 17 a factor of 778209?
True
Is 541951 a multiple of 19?
False
Is 4494884 a multiple of 193?
False
Is 399288 a multiple of 38?
False
Is 1237 a factor of 6146458?
False
Is 13737745 a multiple of 858?
False
Does 39 divide 3020721?
False
Is 22 a factor of 253957?
False
Is 1113788 a multiple of 18?
False
Does 34 divide 1904340?
True
Is 153750 a multiple of 15?
True
Is 1379426 a multiple of 621?
False
Does 22 divide 7824313?
False
Does 113 divide 14229?
False
Is 64 a factor of 1091072?
True
Does 14 divide 68968?
False
Is 394142 a multiple of 29?
False
Is 772246 a multiple of 36?
False
Does 55 divide 3527?
False
Is 15 a factor of 60886?
False
Is 141794 a multiple of 27?
False
Does 47 divide 1157343?
False
Does 230 divide 877450?
True
Is 1930912 a multiple of 83?
True
Is 134368 a multiple of 68?
True
Is 22676973 a multiple of 179?
True
Does 235 divide 3189221?
False
Is 197076 a multiple of 11?
True
Does 639 divide 439579?
False
Is 47656 a multiple of 7?
True
Is 2284128 a multiple of 412?
True
Does 73 divide 18748298?
True
Is 136 a factor of 150583?
False
Is 45 a factor of 15253864?
False
Does 358 divide 253717?
False
Is 8119161 a multiple of 55?
False
Does 10 divide 30430?
True
Does 48 divide 217968?
True
Does 31 divide 2495221?
True
Does 31 divide 214081?
False
Is 420486 a multiple of 69?
True
Does 489 divide 10762043?
False
Is 1068354 a multiple of 366?
True
Is 10 a factor of 532520?
True
Does 723 divide 25699758?
True
Does 7 divide 386631?
True
Is 392581 a multiple of 119?
True
Is 2222 a multiple of 3?
False
Is 67 a factor of 955943?
False
Is 33 a factor of 57656?
False
Is 311888 a multiple of 16?
True
Does 278 divide 332210?
True
Is 311052 a multiple of 12?
True
Is 30 a factor of 527330?
False
Is 187 a factor of 243474?
True
Is 272 a factor of 2667776?
True
Is 121 a factor of 148951?
True
Does 6 divide 15495?
False
Is 8729580 a multiple of 15?
True
Does 5 divide 2528002?
False
Is 51 a factor of 45126?
False
Is 1235325 a multiple of 181?
True
Is 23 a factor of 3389862?
False
Is 18 a factor of 570947?
False
Does 83 divide 356020?
False
Is 64890 a multiple of 6?
True
Is 3 a factor of 48709?
False
Does 2 divide 277045?
False
Does 146 divide 348330?
False
Is 7267177 a multiple of 149?
True
Does 46 divide 1188180?
True
Is 134280 a multiple of 30?
True
Does 2 divide 1124?
True
Is 205530 a multiple of 6?
True
Is 913768 a multiple of 74?
False
Is 20 a factor of 2854777?
False
Is 10 a factor of 515490?
True
Is 562 a factor of 15479672?
False
Does 262 divide 175010?
False
Is 89 a factor of 6140822?
True
Is 335580 a multiple of 35?
True
Is 285 a factor of 208050?
True
Does 24 divide 15244?
False
Does 9 divide 541251?
True
Is 208 a factor of 1025238?
False
Is 112 a factor of 2369367?
False
Is 133722 a multiple of 171?
True
Does 124 divide 8015?
False
Is 266862 a multiple of 237?
True
Does 27 divide 32244?
False
Is 29 a factor of 88746?
False
Does 205 divide 15336863?
False
Is 75 a factor of 470175?
True
Is 4 a factor of 452022?
False
Is 259101 a multiple of 9?
True
Does 7 divide 112689?
False
Is 187 a factor of 350230?
False
Is 1012410 a multiple of 14?
True
Is 20 a factor of 1577283?
False
Does 15 divide 130438?
False
Is 15 a factor of 66301?
False
Is 26 a factor of 18894486?
True
Is 13 a factor of 709904?
True
Does 27 divide 712692?
True
Is 124 a factor of 55645?
False
Is 496 a factor of 2412048?
True
Does 717 divide 3068043?
True
Is 10 a factor of 751490?
True
Does 11 divide 2970?
True
Is 30 a factor of 264286?
False
Is 917 a factor of 5157347?
False
Is 805940 a multiple of 236?
True
Is 785750 a multiple of 449?
True
Does 31 divide 2067501?
False
Does 12 divide 392974?
False
Is 28474111 a multiple of 55?
False
Does 235 divide 19773408?
False
Is 2247116 a multiple of 396?
False
Is 16 a factor of 309773?
False
Is 2407980 a multiple of 134?
True
Does 48 divide 921042?
False
Does 152 divide 1997736?
True
Is 45 a factor of 99656?
False
Does 27 divide 1562655?
False
Does 8 divide 5002262?
False
Does 322 divide 58926?
True
Does 154 divide 5991216?
True
Is 11 a factor of 1454178?
True
Does 295 divide 1135076?
False
Does 26 divide 5044040?
False
Does 20 divide 1702291?
False
Is 1272834 a multiple of 243?
True
Does 6 divide 41676?
True
Is 90 a factor of 568008?
False
Is 76325 a multiple of 10?
False
Is 20 a factor of 1058840?
True
Is 593 a factor of 632138?
True
Is 7327384 a multiple of 910?
False
Is 2471472 a multiple of 72?
True
Does 103 divide 11194718?
False
Does 28 divide 22980746?
False
Is 142 a factor of 35720?
False
Does 151 divide 4233172?
False
Is 42 a factor of 272874?
True
Is 240 a factor of 20400?
True
Is 12670 a multiple of 7?
True
Is 37 a factor of 388204?
True
Is 9777251 a multiple of 23?
False
Does 38 divide 2694656?
True
Is 612 a factor of 4372128?
True
Does 33 divide 1702239?
True
Does 499 divide 1393208?
True
Does 13 divide 507161?
False
Is 44876 a multiple of 364?
False
Is 116 a factor of 5883288?
True
Is 237 a factor of 702553?
False
Is 44297 a multiple of 7?
False
Is 1293 a factor of 3410934?
True
Is 721 a factor of 7190922?
False
Is 21 a factor of 278957?
False
Does 5 divide 345223?
False
Is 2479680 a multiple of 480?
True
Is 3 a factor of 7416?
True
Is 92 a factor of 1077044?
True
Is 249256 a multiple of 28?
True
Is 3565308 a multiple of 12?
True
Is 3167364 a multiple of 183?
True
Is 284 a factor of 10222296?
True
Does 443 divide 26272?
False
Is 245 a factor of 520070?
False
Does 36 divide 27237600?
True
Is 10 a factor of 2185930?
True
Does 60 divide 60460?
False
Does 209 divide 1639396?
True
Is 2259488 a multiple of 11?
True
Does 32 divide 36192?
True
Is 100 a factor of 119500?
True
Does 17 divide 1958655?
True
Is 677589 a multiple of 11?
True
Is 91 a factor of 370232?
False
Does 47 divide 5020184?
False
Is 1028 a factor of 4686943?
False
Is 7921440 a multiple of 24?
True
Does 5 divide 710391?
False
Does 174 divide 39041?
False
Is 4903233 a multiple of 11?
False
Does 44 divide 8147037?
False
Is 207420 a multiple of 20?
True
Does 5 divide 7501193?
False
Does 17 divide 934313?
False
Is 81 a factor of 123312?
False
Is 46 a factor of 128328?
False
Is 312 a factor of 3401181?
False
Is 245102 a multiple of 143?
True
Is 41 a factor of 121841?
False
Is 1076380 a multiple of 97?
False
Is 12 a factor of 4741591?
False
Does 5 divide 690816?
False
Is 612525 a multiple of 130?
False
Does 17 divide 17391?
True
Is 47 a factor of 213167?
False
Is 99 a factor of 5221557?
True
Does 80 divide 91552?
False
Is 413 a factor of 4872727?
False
Is 68391 a multiple of 15?
False
Is 105 a factor of 1012410?
True
Is 297 a factor of 297297?
True
Is 2161 a multiple of 27?
False
Is 1777353 a multiple of 4?
False
Does 43 divide 19288?
False
Does 26 divide 6730?
False
Is 27 a factor of 1046775?
False
Is 485230 a multiple of 43?
False
Is 8206285 a multiple of 23?
True
Is 834845 a multiple of 2?
False
Is 11 a factor of 1306441?
False
Is 186 a factor of 12521962?
False
Does 274 divide 295372?
True
Is 1488940 a multiple of 152?
False
Does 125 divide 1508750?
True
Is 475 a factor of 1393650?
True
Is 2821474 a multiple of 1279?
True
Is 375162 a multiple of 44?
False
Is 20 a factor of 17500?
True
Is 10 a factor of 34143?
False
Does 22 divide 611785?
False
Does 519 divide 2377539?
True
Is 403808 a multiple of 10?
False
Is 31 a factor of 555737?
True
Is 76 a factor of 246514?
False
Is 18 a factor of 694617?
False
Is 293 a factor of 1848083?
False
Is 160 a factor of 27633?
Fal